408610?
2, 5, 29, 1409
List the prime factors of 1391127.
3, 17, 27277
What are the prime factors of 46080?
2, 3, 5
List the prime factors of 15060.
2, 3, 5, 251
List the prime factors of 5855313.
3, 937, 2083
List the prime factors of 15684929.
13, 37, 32609
List the prime factors of 183545.
5, 36709
What are the prime factors of 1146210?
2, 3, 5, 13, 2939
What are the prime factors of 68790?
2, 3, 5, 2293
What are the prime factors of 290081?
11, 26371
What are the prime factors of 3377987?
23, 227, 647
List the prime factors of 8914935.
3, 5, 594329
List the prime factors of 1534084.
2, 383521
What are the prime factors of 2138866?
2, 29, 36877
List the prime factors of 6644279.
719, 9241
List the prime factors of 1505483.
7, 431, 499
What are the prime factors of 1306495?
5, 31, 8429
List the prime factors of 720912.
2, 3, 23, 653
What are the prime factors of 1801123?
37, 48679
What are the prime factors of 226814?
2, 7, 17, 953
What are the prime factors of 35409?
3, 11, 29, 37
List the prime factors of 25636994.
2, 1033, 12409
What are the prime factors of 1026221?
7, 146603
List the prime factors of 1593643.
1593643
What are the prime factors of 495788?
2, 17, 23, 317
What are the prime factors of 10475690?
2, 5, 523, 2003
What are the prime factors of 2803226?
2, 1401613
List the prime factors of 25962313.
13, 1997101
List the prime factors of 3204323.
857, 3739
List the prime factors of 197501.
23, 31, 277
List the prime factors of 1070194.
2, 19, 28163
What are the prime factors of 106068?
2, 3, 8839
What are the prime factors of 1305199?
7, 137, 1361
What are the prime factors of 2961630?
2, 3, 5, 7, 1567
What are the prime factors of 292208?
2, 7, 2609
List the prime factors of 205302.
2, 3, 34217
List the prime factors of 2471349.
3, 19, 191, 227
What are the prime factors of 2683?
2683
List the prime factors of 403787.
403787
List the prime factors of 6760755.
3, 5, 150239
List the prime factors of 149537.
229, 653
List the prime factors of 420949.
31, 37, 367
What are the prime factors of 4659509?
857, 5437
What are the prime factors of 2133790?
2, 5, 37, 73, 79
What are the prime factors of 30561923?
7, 179, 24391
What are the prime factors of 644783?
644783
List the prime factors of 1349470.
2, 5, 134947
What are the prime factors of 1011837?
3, 337279
What are the prime factors of 503241?
3, 167747
List the prime factors of 109927.
37, 2971
List the prime factors of 60138.
2, 3, 13, 257
What are the prime factors of 17645028?
2, 3, 1470419
What are the prime factors of 4586190?
2, 3, 5, 7, 21839
What are the prime factors of 34288?
2, 2143
What are the prime factors of 266196?
2, 3, 7, 3169
What are the prime factors of 378600?
2, 3, 5, 631
What are the prime factors of 22038946?
2, 79, 139487
List the prime factors of 863995.
5, 11, 23, 683
List the prime factors of 4546574.
2, 61, 83, 449
List the prime factors of 1259252.
2, 314813
What are the prime factors of 1482695?
5, 23, 12893
List the prime factors of 13088578.
2, 601, 10889
List the prime factors of 1168358.
2, 229, 2551
List the prime factors of 804313.
804313
List the prime factors of 190593.
3, 13, 181
List the prime factors of 842598.
2, 3, 46811
What are the prime factors of 569044?
2, 7, 20323
What are the prime factors of 3869075?
5, 7, 22109
List the prime factors of 314696.
2, 139, 283
List the prime factors of 1824556.
2, 491, 929
What are the prime factors of 357609?
3, 7, 17029
List the prime factors of 12871051.
12871051
What are the prime factors of 3019963?
1471, 2053
What are the prime factors of 7488707?
7488707
What are the prime factors of 2106443?
1319, 1597
What are the prime factors of 9353109?
3, 29, 107507
List the prime factors of 1782513.
3, 107, 617
What are the prime factors of 555834?
2, 3, 92639
What are the prime factors of 227028?
2, 3, 18919
List the prime factors of 187456.
2, 29, 101
What are the prime factors of 2788437?
3, 29, 32051
What are the prime factors of 3189630?
2, 3, 5, 106321
What are the prime factors of 23384?
2, 37, 79
List the prime factors of 482154.
2, 3, 17, 29, 163
List the prime factors of 472702.
2, 17, 13903
What are the prime factors of 280764?
2, 3, 11, 709
List the prime factors of 574846.
2, 197, 1459
List the prime factors of 618923.
397, 1559
What are the prime factors of 819572?
2, 13, 15761
What are the prime factors of 11824449?
3, 7, 13, 43313
What are the prime factors of 205128?
2, 3, 7, 11, 37
What are the prime factors of 12431658?
2, 3, 17, 307, 397
List the prime factors of 6248426.
2, 71, 79, 557
What are the prime factors of 1475308?
2, 53, 6959
List the prime factors of 424042.
2, 19, 11159
List the prime factors of 385500.
2, 3, 5, 257
What are the prime factors of 787222?
2, 393611
What are the prime factors of 245647?
61, 4027
What are the prime factors of 185632?
2, 5801
What are the prime factors of 349608?
2, 3, 7, 2081
List the prime factors of 225215.
5, 31, 1453
What are the prime factors of 266675?
5, 10667
What are the prime factors of 13901107?
11, 61, 20717
What are the prime factors of 247654?
2, 11, 11257
List the prime factors of 3257116.
2, 814279
List the prime factors of 254561.
83, 3067
What are the prime factors of 4292352?
2, 3, 23
What are the prime factors of 1602972?
2, 3, 7, 6361
What are the prime factors of 62006?
2, 7, 43, 103
What are the prime factors of 7179981?
3, 2393327
List the prime factors of 355029.
3, 118343
What are the prime factors of 10281248?
2, 321289
List the prime factors of 4465003.
107, 41729
What are the prime factors of 536159?
13, 41243
What are the prime factors of 965641?
457, 2113
What are the prime factors of 16422418?
2, 1451, 5659
What are the prime factors of 683742?
2, 3, 113957
What are the prime factors of 345675?
3, 5, 11, 419
List the prime factors of 3692039.
13, 284003
What are the prime factors of 6882724?
2, 139, 12379
What are the prime factors of 2680946?
2, 37, 36229
List the prime factors of 8081103.
3, 17, 193, 821
List the prime factors of 4600545.
3, 5, 306703
List the prime factors of 40568972.
2, 373, 27191
What are the prime factors of 3966694?
2, 1983347
List the prime factors of 558595.
5, 47, 2377
What are the prime factors of 1027422?
2, 3, 11, 5189
List the prime factors of 15910.
2, 5, 37, 43
List the prime factors of 28876.
2, 7219
List the prime factors of 453035.
5, 11, 8237
List the prime factors of 282307.
282307
List the prime factors of 153569.
13, 11813
List the prime factors of 8366227.
17, 23, 21397
What are the prime factors of 11192792?
2, 13, 281, 383
What are the prime factors of 11749714?
2, 19, 241, 1283
List the prime factors of 137893.
7, 19699
What are the prime factors of 181457?
181457
List the prime factors of 8012787.
3, 29, 31, 2971
What are the prime factors of 18962?
2, 19, 499
List the prime factors of 6577309.
6577309
What are the prime factors of 7224731?
19, 37, 43, 239
What are the prime factors of 25549?
29, 881
What are the prime factors of 238639?
238639
List the prime factors of 1420510.
2, 5, 7, 13, 223
What are the prime factors of 7446974?
2, 19, 195973
What are the prime factors of 2629141?
31, 84811
What are the prime factors of 501149?
11, 29, 1571
List the prime factors of 6826145.
5, 307, 4447
List the prime factors of 205102.
2, 102551
What are the prime factors of 91340?
2, 5, 4567
List the prime factors of 6318044.
2, 1579511
What are the prime factors of 1984209?
3, 29, 22807
List the prime factors of 393339.
3, 131113
What are the prime factors of 1434178?
2, 717089
What are the prime factors of 8545500?
2, 3, 5, 211
What are the prime factors of 200032?
2, 7, 19, 47
List the prime factors of 5616561.
3, 421, 4447
What are the prime factors of 6659066?
2, 43, 77431
What are the prime factors of 8695627?
317, 27431
What are the prime factors of 10195690?
2, 5, 389, 2621
What are the prime factors of 1356608?
2, 11, 41, 47
What are the prime factors of 13853071?
19, 257, 2837
What are the prime factors of 2478309?
3, 79, 10457
What are the prime factors of 356734?
2, 7, 83, 307
What are the prime factors of 5810903?
7, 19, 43691
What are the prime factors of 4038533?
4038533
What are the prime factors of 8499617?
7, 137, 8863
What are the prime factors o